).
-39
Calculate -4 + 5 + (-2 + -7 - (-4 + -2)).
-2
What is the value of (-1 - -12) + (3 + 14 - (131 - 90))?
-13
What is (-5 - 9) + 22 + -15?
-7
1 + (-6 - 7) + 21 + (1 - 5)
5
-17 + (17 - 16) + 22 - 17
-11
What is the value of 7 - (-10 - -1) - 4 - -5?
17
What is the value of (5 - 1) + 3 + (5 - -4 - 12)?
4
-3 - -4 - (72 + -52)
-19
What is (2 - (-3 + 21)) + 0 + 2 + -2?
-16
Calculate 6 + -8 - -12 - 19.
-9
What is 23 - (-25 + 28 + 16)?
4
5 - (5 - 8 - -1)
7
What is the value of -6 + 1 + 2 - (-21 + 29)?
-11
What is the value of 2 + -14 + 4 - -2 - (-213 - -184)?
23
-15 - (-34 - (25 + -44))
0
Evaluate (0 - 1) + 5 - (-6 - (-19 - -7)).
-2
What is (6 - 1 - 16) + (-6 - 1 - -4)?
-14
What is -32 + (391 + -368 - (18 + -1))?
-26
Calculate -95 - -39 - -38 - 15.
-33
What is -1 + -1 + (10 - -3) + -3 + 8?
16
(-34 + 32 - -13) + 2 + -23
-10
What is the value of 4 - (0 - (-4 + 4) - 2 - 2)?
8
(-4 - -37) + 5 + -6 + -18 + 11
25
What is 69 - (21 - (1 + -14))?
35
-5 - 1 - (-173 - -174) - 3
-10
Evaluate -9 + (-10 - (3 + -3) - -23).
4
Calculate 6 + -1 + -2 + 2 - (-152 + 139).
18
Calculate -36 + (17 - -10) + -2.
-11
What is the value of -7 - (-6 - (-5 + -14) - 24)?
4
Evaluate -14 + 2 - (-168 + 161).
-5
Calculate -9 + (-5 - (17 - 7) - (-11 + 2)).
-15
Evaluate -19 + 32 + -26 - 18.
-31
-5 + (13 - (1 + -4)) + 5 - -4
20
Evaluate -6 + (-2 + (-29 - 1) - (80 - 82)).
-36
(-4 - -8 - 3) + -71 + 67
-3
Calculate -1 + -2 + (-10 - (-4 + 1 + -1)).
-9
Evaluate -13 - (5 + -18 + 11) - -30.
19
What is the value of (1 - 8) + (10 - 2) - -7?
8
Calculate 9 + (16 - 31 - -4).
-2
What is the value of 365 - 359 - (20 - (-2 + 1))?
-15
Evaluate -116 - -120 - (18 + (2 - -3)).
-19
Calculate 17 - 32 - (-8 + -14).
7
What is 76 - 66 - (-5 - (1 - 4 - -5))?
17
What is 7 - -1 - (1 - -15) - -31?
23
Evaluate 2 + (7 - 13) - 6.
-10
What is 775 - 768 - (-8 + 0 + 0)?
15
What is (-3 - -13 - 0) + (-3 + 4 - 2)?
9
Calculate -2 - 3 - (1 + 0 + 0).
-6
What is (1 - 1) + 6 + -128 + 47 + 65?
-10
What is the value of -2 + (5 - -7) - (134 + -140)?
16
Calculate -26 - (4 - (34 + -38)).
-34
Evaluate 30 - (3 + (-2 - 5)).
34
Evaluate -9 + 9 + -14 + 7 - -11.
4
(-3 - (4 + 11)) + (158 - 146)
-6
Evaluate (-1 + -14 - 20) + (-3 - 3) + 16.
-25
Evaluate (-6 - (-4 - (1 - 4))) + 1 + 12.
8
What is -6 - (-2 + 14 + -17 - (0 + -11))?
-12
What is -21 - (-13 - -1) - (0 + 11)?
-20
Evaluate 4 + 7 + (1 - 8 - (-1 - 2)).
7
-10 - -1 - (-40 + 98 + -81)
14
Calculate (-29 - -13 - -14 - -7) + 6 + 2.
13
Evaluate -3 + 13 - (9 - ((-15 - -7) + 22)).
15
Evaluate (-10 - (-13 + 33)) + 19.
-11
Calculate (8 - 4) + -20 + 0.
-16
Evaluate -106 + 95 - (1 + -4).
-8
Evaluate 20 - (5 + (30 + -11 - 10)).
6
Calculate -1115 + 1093 - (-1 - 2).
-19
Calculate 59 + -81 - (-20 - 27).
25
Evaluate 3 + 1 + (102 - 101).
5
What is the value of (1 + 4 - 0 - 21) + (4 - 2)?
-14
What is the value of -27 - (-14 + -3 + 9 + 2)?
-21
What is the value of -27 - 3 - (-37 + 7)?
0
What is the value of 34 - -3 - (663 - 593)?
-33
What is the value of 7 + 3 + 2 + -10 + (-1 - -4)?
5
(2 - -8) + (3 - (25 + -29))
17
Evaluate (4 - (12 + -6)) + -3 + 1 + -1.
-5
Calculate -2 + (16 - 30) + 4.
-12
-4 - (-2 - 6) - (-11 - (-5 - 1))
9
What is (2 + -6 - (48 + -43) - -16) + 0?
7
What is the value of (85 - 102 - (-2 + 0)) + 5?
-10
Calculate 3 + (10 - -1 - 4 - (6 - -4)).
0
Evaluate (-2 - 15) + 3 + 10 + -11.
-15
What is 4 + 4 + 0 - (-156 - -155)?
9
Evaluate -43 - -57 - (10 + -1).
5
What is -3 - ((27 - 31) + -5 + 1 - -5)?
0
Calculate 2 - (8 - (14 - (-2 - -9)) - -6).
-5
5 + 10 - (47 + -40)
8
Calculate -44 - (-16 - -8) - -17.
-19
Calculate 20 + -15 + (-4 - -4 - -13).
18
Evaluate -16 - (52 + -26 - 24).
-18
1 + 13 + -19 + 1 + 22
18
What is the value of -29 + 5 + -11 + 9 + (-7 - -8)?
-25
Calculate -3 + -3 + (8 - 14) + 5.
-7
What is the value of 60 - 0 - (167 - 133)?
26
Evaluate -11 + -4 + 4 + 18.
7
6 + (0 + -35 - -11)
-18
What is 15 - ((11 - 14) + -4 + 7) - 8?
7
-6 - -15 - 34 - -15
-10
Evaluate (2 - (6 + 0)) + 0 - (261 - 279).
14
What is (-11 - -7) + 1 + 1?
-2
Evaluate -8 + -5 + 8 + -4 + 4.
-5
What is the value of -3 + (4 + 3 - (-51 - -42))?
13
-33 + (26 - -1) - -10
4
What is the value of -7 + 1 + 1 + 8 - 5?
-2
Evaluate (-82 - -82) + (2 - -2 - -1) + 3.
8
Calculate (21 + 0 - (2 - 6)) + (-7 - -3).
21
Calculate 8 - ((-5 - 3) + 13 + -10 + 0).
13
44 - 45 - (-15 - -1) - (-6 + -4)
23
Evaluate (5 - (-1 - 1)) + (-24 - (1 + 2)).
-20
What is the value of (15 - 40) + 6 - -15?
-4
Calculate 9 - 12 - ((-6 + 7 - 3) + 11).
-12
What is the value of (2 - -2 - (27 - 18)) + 10?
5
Calculate -17 - -16 - (1 - -3 - 19 - 0).
14
What is (-26 - (-20 + 12 + 5)) + -9?
-32
Evaluate 24 + -27 + (-7 - (-5 - 5) - -23).
23
-10 - (-9 + -1 + -18 - (11 - 3))
26
11 + -2 - -6 - ((1 - -15) + -6)
5
What is 4 + (-14 - (5 + 6 + -13))?
-8
(-24 - (18 - 60)) + 4
22
18 - 4 - 33 - -28
9
What is 102 - 82 - (-2 - -21)?
1
Calculate 7 - (6 + (-16 - (-17 - -7 - -2))).
9
What is (-39 - -42) + -1 + -2 + 2 + 0?
2
-2 + 8 - (-18 + 23)
1
What is (7 + -6 - (5 - 0)) + 1 + 8?
5
-4 + (2 - 2) + 5 - (-8 - -1)
8
Evaluate (8 - 16) + 17 + -28 + 2 + 2.
-15
-37 + (2 - -41) - -2
8
-31 + (3 - (2 + 4 + 0 + -6))
-28
What is the value of -36 + (-12 - 22 - -50)?
-20
Calculate (-15 - -3) + 1 - -3 - (-42 - -42).
-8
What is 16 + ((2 - 14) + 10 - 8)?
6
Calculate -1 - (-3 - ((5 - 1) + -7 - -1)).
0
Calculate -4 + 13 + (-1 + -26 - -9).
-9
(-2 + -2 - 1) + (248 - 243)
0
(-24 + 18 - (1 - (2 + 12))) + 5
12
Evaluate (2 - 0) + (33 - (12 + 15)).
8
What is 0 - -10 - (-427 + 447)?
-10
Evaluate -12 + (-9 - -6) + 12.
-3
-7 + 1 + (-12 - (9 + -26))
-1
What is 9 + 2 + -8 - (1 - -22)?
-20
What is 44 - 66 - (-31 - -1)?
8
12 - ((15 - 13) + 0)
10
What is the value of -3 + -1 - (9 - 4 - (1 - 1))?
-9
Evaluate -18 + (8 - (7 + -7)) - 17.
-27
What is the value of -19 + (9 + -19 - -19) + (48 - -1)?
39
Calculate -16 + -15 + 4 + 26.
-1
What is 1 - (-31 - (-35 - -29))?
26
-1 - 13 - (-32 - (21 - 29))
10
Calculate (-46 - (-40 + 15)) + 56.
35
Calculate 8 + (-24 - (-36 + 23)) + 29 + 1.
27
9 + 2 - (27 - (-39 + 66))
11
What is the value of (3 - 4 - (0 + (-6 - -5))) + -7?
-7
(27 - (-11 + 21) - 13) + -10
-6
Evaluate (-6 - -7 - (-20 + 32)) + 9.
-2
Evaluate 5 + 5 - (9 + -2).
3
17 + (32 + 18 - 37)
30
Evaluate 17 - (1 + 6 + 4).
6
Calculate -24 + 16 + (13 + -8 + -15 - 2).
-20
Evaluate (-12 - -10 - (-14 - 1) - 8) + -7.
-2
What is the value of (-34 - 0 - -11) + 14?
-9
Calculate -1 + 2 + (-32 - (35 - 73)).
7
Evaluate 6 - (-1 + 2) - (0 - (3 - 1)).
7
6 + (-3 - -1) - (-25 + -71 + 75)
25
76 + -78 + (0 + -2 - (6 - -1))
-11
What is 4 + 2 + (45 - 51)?
0
Calculate 13 - (-15 + 21 + 3).
4
Calculate 28 + -3 - (-59 + 65).
19
Evaluate -1 + 9 + (-42 - -34) - 8.
-8
Calculate -11 + 5 + -3 + -3.
-12
Calculate 37 - (34 + (4 - 5)).
4
Evaluate (4 - -1) + -5 + (-1 - -1) + 1.
1
Calculate (15 - (-16 + 34)) + -1 + 1 + 4.
1
Evaluate (-2 - -1) + -1 + (3 - -18).
19
What is -28 - (-20 + (-7 - -12))?
-13
Evaluate (-14 - (-4 - 5)) + -10.
-15
(2 + -6 - 2) + (11 - 10)
-5
What is the value of 18 + -24 + (9 - -14)?
17
(-624 - -617) + -1 + 1
-7
Calculate -3 - (1 + (-3 - -9 - 4)) - 7.
-13
What is -9 + 0 + (55 + -131 - -115)?
30
Calculate 25 + -24 - -18 - 21.
-2
What is -30 + 29 - (1 + (0 - (2 + -4)))?
-4
Evaluate 5 - (7 + -4 + (-10 - -3) + -4).
13
Calculate 32 - (-2 + (-1 - -10) + 7 + -6).
24
What is the value of -4 + (42 - 15) + (-7 - -7)?
23
Calculate (-4 - (-6 - 0)) + (-4 + 1 - -1).
0
What is the value of -1 + 3 - (8 + -6 + (-6 - -8))?
-2
Calculate 34 - (9 + -6 + -10 + 15).
26
Calculate 8 + (17 + -35 - -9) + (11 - 1).
9
1 + 19 - (-1 + -9 + 27 + -16)
19
Evaluate -21 + (1 - -5) - (-4 - 0).
-11
What is the value of 26 - 40 - (-5 - 20)?
11
Evaluate 46 - 35 - ((-8 - 2) + -4).
25
What is (9 - (4 - 4)) + (-10 - (-11 - -14))?
-4
What is the value of -8 - (-6 + (-5 - -2))?
1
(-2 + 5 - (1 - (-11 - 7))) + 5
-11
What is 9 + -29 + 2 + 7 + -12 + 9?
-14
What is 13 + -5 + 7 + -5 + -9 + -13?
-12
What is the value of (15 + 0 - 9) + -14 + -4 + 4?
-8
-10 - (0 - 20 - (-158 + 148)) - 10
-10
Calculate (-15 - -23 - (4 + 0)) + 13.
17
What is the value of -6 - 1 - (1 + 2 + -5 + -4)?
-1
What is the value of -40 + 46 + (2 - -2 - 2) + -10?
-2
What is 10 + 14 + -14 + -12 + 22?
20
What is -5 - 0 - -27 - 8?
14
What is the value of (-3 - 6) + 20 + -19 + (-3 - 0)?
-11
What is 18 + -3 + (49 - 69)?
-5
What is the va